{"id":80,"date":"2015-08-06T21:06:17","date_gmt":"2015-08-06T21:06:17","guid":{"rendered":"http:\/\/faucon-folk.fr\/?page_id=80"},"modified":"2019-12-01T11:11:36","modified_gmt":"2019-12-01T11:11:36","slug":"videos","status":"publish","type":"page","link":"https:\/\/faucon-folk.fr\/index.php\/videos\/","title":{"rendered":"Vid\u00e9os"},"content":{"rendered":"<div class=\"row\"><div class=\"col-xs-9\">\n<h1><i class=\"glyphicon glyphicon-arrow-right\"><\/i><a href=\"https:\/\/www.youtube.com\/watch?v=0NzQ5dF7RYQ\" target=\"_blank\">Bal sur l&rsquo;aqueduc de St Nazaire en Royans en septembre 2019<\/a><\/h1>\n<h1 style=\"text-align: left;\"><i class=\"glyphicon glyphicon-arrow-right\"><\/i>Participation \u00e0 la marche pour le climat en novembre 2015<\/h1>\n<p><\/p><\/div><div class=\"col-xs-3\">\n<p><div style=\"width: 320px;\" class=\"wp-video\"><!--[if lt IE 9]><script>document.createElement('video');<\/script><![endif]-->\n<video class=\"wp-video-shortcode\" id=\"video-80-1\" width=\"320\" height=\"240\" preload=\"metadata\" controls=\"controls\"><source type=\"video\/x-flv\" src=\"http:\/\/faucon-folk.fr\/wp-content\/uploads\/2015\/12\/MOV_0430.flv?_=1\" \/><a href=\"http:\/\/faucon-folk.fr\/wp-content\/uploads\/2015\/12\/MOV_0430.flv\">http:\/\/faucon-folk.fr\/wp-content\/uploads\/2015\/12\/MOV_0430.flv<\/a><\/video><\/div><\/p>\n<p><\/p><\/div><\/div>\n<h1 style=\"text-align: left;\"><i class=\"glyphicon glyphicon-arrow-right\"><\/i><a href=\"https:\/\/www.youtube.com\/watch?v=zyu8HcYHZcs\" target=\"_blank\">Nuit du folk \u00e0 Pont en Royans en\u00a0mars 2015<\/a><\/h1>\n<p>&nbsp;<\/p>\n<h1><i class=\"glyphicon glyphicon-arrow-right\"><\/i><a href=\"https:\/\/www.youtube.com\/watch?v=zp-TjfLag7w\" target=\"_blank\">Bal \u00e0 Saint Quentin La Poterie en septembre 2013<\/a><\/h1>\n<p>&nbsp;<\/p>\n<h1 style=\"text-align: left;\"><i class=\"glyphicon glyphicon-arrow-right\"><\/i><a href=\"https:\/\/www.youtube.com\/watch?v=d-RU1g5EiSc\" target=\"_blank\">F\u00eate de la musique \u00e0 la Chapelle en Vercors en juin 2013<\/a><\/h1>\n<p>&nbsp;<\/p>\n<h1><i class=\"glyphicon glyphicon-arrow-right\"><\/i><a href=\"https:\/\/www.youtube.com\/watch?v=Qs2etWo6fQA\" target=\"_blank\">Bal pour EELV \u00e0 Valence en 2012<\/a><\/h1>\n<p>&nbsp;<\/p>\n","protected":false},"excerpt":{"rendered":"<p>Nuit du folk \u00e0 Pont en Royans en\u00a0mars 2015 &nbsp; Bal \u00e0 Saint Quentin La Poterie en septembre 2013 &nbsp; F\u00eate de la musique \u00e0 la Chapelle en Vercors en juin 2013 &nbsp; Bal pour EELV \u00e0 Valence en 2012 &nbsp;<\/p>\n","protected":false},"author":1,"featured_media":0,"parent":0,"menu_order":0,"comment_status":"open","ping_status":"open","template":"","meta":[],"_links":{"self":[{"href":"https:\/\/faucon-folk.fr\/index.php\/wp-json\/wp\/v2\/pages\/80"}],"collection":[{"href":"https:\/\/faucon-folk.fr\/index.php\/wp-json\/wp\/v2\/pages"}],"about":[{"href":"https:\/\/faucon-folk.fr\/index.php\/wp-json\/wp\/v2\/types\/page"}],"author":[{"embeddable":true,"href":"https:\/\/faucon-folk.fr\/index.php\/wp-json\/wp\/v2\/users\/1"}],"replies":[{"embeddable":true,"href":"https:\/\/faucon-folk.fr\/index.php\/wp-json\/wp\/v2\/comments?post=80"}],"version-history":[{"count":20,"href":"https:\/\/faucon-folk.fr\/index.php\/wp-json\/wp\/v2\/pages\/80\/revisions"}],"predecessor-version":[{"id":729,"href":"https:\/\/faucon-folk.fr\/index.php\/wp-json\/wp\/v2\/pages\/80\/revisions\/729"}],"wp:attachment":[{"href":"https:\/\/faucon-folk.fr\/index.php\/wp-json\/wp\/v2\/media?parent=80"}],"curies":[{"name":"wp","href":"https:\/\/api.w.org\/{rel}","templated":true}]}}