{"id":469,"date":"2017-03-16T20:40:47","date_gmt":"2017-03-16T20:40:47","guid":{"rendered":"http:\/\/faucon-folk.fr\/?page_id=469"},"modified":"2022-08-02T17:36:49","modified_gmt":"2022-08-02T17:36:49","slug":"revue-de-presse","status":"publish","type":"page","link":"http:\/\/faucon-folk.fr\/index.php\/revue-de-presse\/","title":{"rendered":"Revue de presse"},"content":{"rendered":"<h1><div class=\"well well-sm\"><span style=\"color: #800000;\">2019<\/span><\/div><\/h1>\n<div class=\"row\"><div class=\"col-xs-3\">\n<h3>21 septembre,<\/h3>\n<h3>Journ\u00e9e du Patrimoine<\/h3>\n<h3>St Nazaire en Royans<\/h3>\n<p><\/p><\/div><div class=\"col-xs-9\"><a href=\"http:\/\/faucon-folk.fr\/wp-content\/uploads\/2017\/03\/fauconfolk75_article.jpg\"><img loading=\"lazy\" class=\"alignnone wp-image-732\" src=\"http:\/\/faucon-folk.fr\/wp-content\/uploads\/2017\/03\/fauconfolk75_article.jpg\" alt=\"fauconfolk75_article\" width=\"900\" height=\"307\" srcset=\"http:\/\/faucon-folk.fr\/wp-content\/uploads\/2017\/03\/fauconfolk75_article.jpg 865w, http:\/\/faucon-folk.fr\/wp-content\/uploads\/2017\/03\/fauconfolk75_article-300x102.jpg 300w, http:\/\/faucon-folk.fr\/wp-content\/uploads\/2017\/03\/fauconfolk75_article-720x246.jpg 720w\" sizes=\"(max-width: 900px) 100vw, 900px\" \/><\/a>\n<p><\/p><\/div><\/div>\n<div class=\"row\"><div class=\"col-xs-3\">\n<h3>13 avril,<\/h3>\n<h3>Bal folk du printemps<\/h3>\n<h3>St Jean en Royans<\/h3>\n<p><\/p><\/div><div class=\"col-xs-9\"><a href=\"http:\/\/faucon-folk.fr\/wp-content\/uploads\/2017\/03\/fauconfolk76_article.jpg\"><img loading=\"lazy\" class=\"alignnone wp-image-734\" src=\"http:\/\/faucon-folk.fr\/wp-content\/uploads\/2017\/03\/fauconfolk76_article.jpg\" alt=\"fauconfolk76_article\" width=\"670\" height=\"900\" srcset=\"http:\/\/faucon-folk.fr\/wp-content\/uploads\/2017\/03\/fauconfolk76_article.jpg 482w, http:\/\/faucon-folk.fr\/wp-content\/uploads\/2017\/03\/fauconfolk76_article-223x300.jpg 223w\" sizes=\"(max-width: 670px) 100vw, 670px\" \/><\/a>Article du Dauphin\u00e9 Lib\u00e9r\u00e9\n<p><\/p><\/div><\/div>\n<h1><\/h1>\n<h1><div class=\"well well-sm\"><span style=\"color: #800000;\">2017<\/span><\/div><\/h1>\n<div class=\"row\"><div class=\"col-xs-3\">\n<h3>17 f\u00e9vrier,<\/h3>\n<h3>Bal des enfants de l&rsquo;\u00e9cole Pasteur,<\/h3>\n<h3>Saint Jean en Royans<\/h3>\n<p><\/p><\/div><div class=\"col-xs-3\"><a href=\"http:\/\/faucon-folk.fr\/wp-content\/uploads\/2015\/08\/fauconfolk43_article.jpg\"><img loading=\"lazy\" class=\"alignnone wp-image-459\" src=\"http:\/\/faucon-folk.fr\/wp-content\/uploads\/2015\/08\/fauconfolk43_article-212x300.jpg\" alt=\"fauconfolk43_article\" width=\"400\" height=\"565\" srcset=\"http:\/\/faucon-folk.fr\/wp-content\/uploads\/2015\/08\/fauconfolk43_article-212x300.jpg 212w, http:\/\/faucon-folk.fr\/wp-content\/uploads\/2015\/08\/fauconfolk43_article.jpg 566w\" sizes=\"(max-width: 400px) 100vw, 400px\" \/><\/a>Article du Dauphin\u00e9 Lib\u00e9r\u00e9<a href=\"http:\/\/faucon-folk.fr\/wp-content\/uploads\/2017\/03\/fauconfolk45_article.jpg\"><img loading=\"lazy\" class=\"alignnone wp-image-479\" src=\"http:\/\/faucon-folk.fr\/wp-content\/uploads\/2017\/03\/fauconfolk45_article-300x242.jpg\" alt=\"fauconfolk45_article\" width=\"400\" height=\"322\" srcset=\"http:\/\/faucon-folk.fr\/wp-content\/uploads\/2017\/03\/fauconfolk45_article-300x242.jpg 300w, http:\/\/faucon-folk.fr\/wp-content\/uploads\/2017\/03\/fauconfolk45_article.jpg 700w\" sizes=\"(max-width: 400px) 100vw, 400px\" \/><\/a>Article de l&rsquo;Impartial<\/div><div class=\"col-xs-3\"><a href=\"http:\/\/faucon-folk.fr\/wp-content\/uploads\/2015\/08\/fauconfolk44_article.jpg\"><img loading=\"lazy\" class=\"alignnone wp-image-463\" src=\"http:\/\/faucon-folk.fr\/wp-content\/uploads\/2015\/08\/fauconfolk44_article-291x300.jpg\" alt=\"fauconfolk44_article\" width=\"400\" height=\"412\" srcset=\"http:\/\/faucon-folk.fr\/wp-content\/uploads\/2015\/08\/fauconfolk44_article-291x300.jpg 291w, http:\/\/faucon-folk.fr\/wp-content\/uploads\/2015\/08\/fauconfolk44_article-720x742.jpg 720w, http:\/\/faucon-folk.fr\/wp-content\/uploads\/2015\/08\/fauconfolk44_article.jpg 776w\" sizes=\"(max-width: 400px) 100vw, 400px\" \/><\/a>Article du Dauphin\u00e9 Lib\u00e9r\u00e9<a href=\"http:\/\/faucon-folk.fr\/wp-content\/uploads\/2017\/03\/fauconfolk46_article.jpg\"><img loading=\"lazy\" class=\"alignnone wp-image-480\" src=\"http:\/\/faucon-folk.fr\/wp-content\/uploads\/2017\/03\/fauconfolk46_article-300x197.jpg\" alt=\"fauconfolk46_article\" width=\"400\" height=\"263\" srcset=\"http:\/\/faucon-folk.fr\/wp-content\/uploads\/2017\/03\/fauconfolk46_article-300x197.jpg 300w, http:\/\/faucon-folk.fr\/wp-content\/uploads\/2017\/03\/fauconfolk46_article.jpg 700w\" sizes=\"(max-width: 400px) 100vw, 400px\" \/><\/a>Article de l&rsquo;Impartial<\/div><div class=\"col-xs-3\">\u00a0 <a href=\"http:\/\/faucon-folk.fr\/wp-content\/uploads\/2017\/03\/fauconfolk47_article.jpg\"><img loading=\"lazy\" class=\"alignnone wp-image-481\" src=\"http:\/\/faucon-folk.fr\/wp-content\/uploads\/2017\/03\/fauconfolk47_article-300x239.jpg\" alt=\"fauconfolk47_article\" width=\"400\" height=\"319\" srcset=\"http:\/\/faucon-folk.fr\/wp-content\/uploads\/2017\/03\/fauconfolk47_article-300x239.jpg 300w, http:\/\/faucon-folk.fr\/wp-content\/uploads\/2017\/03\/fauconfolk47_article.jpg 700w\" sizes=\"(max-width: 400px) 100vw, 400px\" \/><\/a>Article de l&rsquo;Impartial<\/div><\/div>\n<h1><div class=\"well well-sm\"><span style=\"color: #800000;\">2016<\/span><\/div><\/h1>\n<div class=\"row\"><div class=\"col-xs-3\">\n<h3>24 septembre,<\/h3>\n<h3>Sous des \u00e9coles,<\/h3>\n<h3>Vassieux en Vercors<\/h3>\n<p><\/p><\/div><div class=\"col-xs-9\"><a href=\"http:\/\/faucon-folk.fr\/wp-content\/uploads\/2017\/03\/fauconfolk48_article.jpg\"><img loading=\"lazy\" class=\"alignnone wp-image-495\" src=\"http:\/\/faucon-folk.fr\/wp-content\/uploads\/2017\/03\/fauconfolk48_article.jpg\" alt=\"fauconfolk48_article\" width=\"900\" height=\"350\" srcset=\"http:\/\/faucon-folk.fr\/wp-content\/uploads\/2017\/03\/fauconfolk48_article.jpg 900w, http:\/\/faucon-folk.fr\/wp-content\/uploads\/2017\/03\/fauconfolk48_article-300x117.jpg 300w, http:\/\/faucon-folk.fr\/wp-content\/uploads\/2017\/03\/fauconfolk48_article-720x280.jpg 720w\" sizes=\"(max-width: 900px) 100vw, 900px\" \/><\/a>Article de El Condor\n<p><\/p><\/div><\/div>\n<hr \/>\n<div class=\"row\"><div class=\"col-xs-3\">\n<h3>21 juin,<\/h3>\n<h3>F\u00eate de la musique \u00e0 l&rsquo;h\u00f4tel Bellier,<\/h3>\n<h3>La Chapelle en Vercors<\/h3>\n<p><\/p><\/div><div class=\"col-xs-9\"><a href=\"http:\/\/faucon-folk.fr\/wp-content\/uploads\/2015\/08\/fauconfolk36_article.jpg\"><img loading=\"lazy\" class=\"alignnone wp-image-376\" src=\"http:\/\/faucon-folk.fr\/wp-content\/uploads\/2015\/08\/fauconfolk36_article-241x300.jpg\" alt=\"fauconfolk36_article\" width=\"723\" height=\"900\" srcset=\"http:\/\/faucon-folk.fr\/wp-content\/uploads\/2015\/08\/fauconfolk36_article-241x300.jpg 241w, http:\/\/faucon-folk.fr\/wp-content\/uploads\/2015\/08\/fauconfolk36_article.jpg 643w\" sizes=\"(max-width: 723px) 100vw, 723px\" \/><\/a>Article du Dauphin\u00e9 Lib\u00e9r\u00e9\n<p><\/p><\/div><\/div>\n<h1><div class=\"well well-sm\"><span style=\"color: #800000;\">2014<\/span><\/div><\/h1>\n<div class=\"row\"><div class=\"col-xs-3\">\n<h3>29 mars,<\/h3>\n<h3>D\u00e9ambulation pour la sortie du nucl\u00e9aire,<\/h3>\n<h3>Valence<\/h3>\n<p><\/p><\/div><div class=\"col-xs-9\"><a href=\"http:\/\/faucon-folk.fr\/wp-content\/uploads\/2017\/03\/fauconfolk12b.jpg\"><img loading=\"lazy\" class=\"alignnone wp-image-491\" src=\"http:\/\/faucon-folk.fr\/wp-content\/uploads\/2017\/03\/fauconfolk12b-296x300.jpg\" alt=\"fauconfolk12b\" width=\"900\" height=\"913\" srcset=\"http:\/\/faucon-folk.fr\/wp-content\/uploads\/2017\/03\/fauconfolk12b-296x300.jpg 296w, http:\/\/faucon-folk.fr\/wp-content\/uploads\/2017\/03\/fauconfolk12b-720x730.jpg 720w, http:\/\/faucon-folk.fr\/wp-content\/uploads\/2017\/03\/fauconfolk12b-80x80.jpg 80w, http:\/\/faucon-folk.fr\/wp-content\/uploads\/2017\/03\/fauconfolk12b.jpg 846w\" sizes=\"(max-width: 900px) 100vw, 900px\" \/><\/a>Article du r\u00e9seau Sortir du nucl\u00e9aire\n<p><\/p><\/div><\/div>\n<h1><div class=\"well well-sm\"><span style=\"color: #800000;\">2013<\/span><\/div><\/h1>\n<div class=\"row\"><div class=\"col-xs-3\">\n<h3>14 septembre,<\/h3>\n<h3>Bal pour la journ\u00e9e des associations,<\/h3>\n<h3>Saint Quentin la Poterie<\/h3>\n<p><\/p><\/div><div class=\"col-xs-9\"><a href=\"http:\/\/faucon-folk.fr\/wp-content\/uploads\/2017\/03\/fauconfolk11_article.jpg\"><img loading=\"lazy\" class=\"alignnone wp-image-497\" src=\"http:\/\/faucon-folk.fr\/wp-content\/uploads\/2017\/03\/fauconfolk11_article-300x287.jpg\" alt=\"fauconfolk11_article\" width=\"900\" height=\"861\" srcset=\"http:\/\/faucon-folk.fr\/wp-content\/uploads\/2017\/03\/fauconfolk11_article-300x287.jpg 300w, http:\/\/faucon-folk.fr\/wp-content\/uploads\/2017\/03\/fauconfolk11_article-720x689.jpg 720w, http:\/\/faucon-folk.fr\/wp-content\/uploads\/2017\/03\/fauconfolk11_article.jpg 800w\" sizes=\"(max-width: 900px) 100vw, 900px\" \/><\/a>Article du Midi Libre\n<p><\/p><\/div><\/div>\n","protected":false},"excerpt":{"rendered":"","protected":false},"author":1,"featured_media":0,"parent":0,"menu_order":0,"comment_status":"closed","ping_status":"closed","template":"","meta":[],"_links":{"self":[{"href":"http:\/\/faucon-folk.fr\/index.php\/wp-json\/wp\/v2\/pages\/469"}],"collection":[{"href":"http:\/\/faucon-folk.fr\/index.php\/wp-json\/wp\/v2\/pages"}],"about":[{"href":"http:\/\/faucon-folk.fr\/index.php\/wp-json\/wp\/v2\/types\/page"}],"author":[{"embeddable":true,"href":"http:\/\/faucon-folk.fr\/index.php\/wp-json\/wp\/v2\/users\/1"}],"replies":[{"embeddable":true,"href":"http:\/\/faucon-folk.fr\/index.php\/wp-json\/wp\/v2\/comments?post=469"}],"version-history":[{"count":21,"href":"http:\/\/faucon-folk.fr\/index.php\/wp-json\/wp\/v2\/pages\/469\/revisions"}],"predecessor-version":[{"id":924,"href":"http:\/\/faucon-folk.fr\/index.php\/wp-json\/wp\/v2\/pages\/469\/revisions\/924"}],"wp:attachment":[{"href":"http:\/\/faucon-folk.fr\/index.php\/wp-json\/wp\/v2\/media?parent=469"}],"curies":[{"name":"wp","href":"https:\/\/api.w.org\/{rel}","templated":true}]}}

<h1><div class="well well-sm"><span style="color: #800000;">2019</span></div></h1>
<div class="row"><div class="col-xs-3">
<h3>21 septembre,</h3>
<h3>Journée du Patrimoine</h3>
<h3>St Nazaire en Royans</h3>
<p></p></div><div class="col-xs-9"><a href="http://faucon-folk.fr/wp-content/uploads/2017/03/fauconfolk75_article.jpg"><img loading="lazy" class="alignnone wp-image-732" src="http://faucon-folk.fr/wp-content/uploads/2017/03/fauconfolk75_article.jpg" alt="fauconfolk75_article" width="900" height="307" srcset="http://faucon-folk.fr/wp-content/uploads/2017/03/fauconfolk75_article.jpg 865w, http://faucon-folk.fr/wp-content/uploads/2017/03/fauconfolk75_article-300x102.jpg 300w, http://faucon-folk.fr/wp-content/uploads/2017/03/fauconfolk75_article-720x246.jpg 720w" sizes="(max-width: 900px) 100vw, 900px" /></a>
<p></p></div></div>
<div class="row"><div class="col-xs-3">
<h3>13 avril,</h3>
<h3>Bal folk du printemps</h3>
<h3>St Jean en Royans</h3>
<p></p></div><div class="col-xs-9"><a href="http://faucon-folk.fr/wp-content/uploads/2017/03/fauconfolk76_article.jpg"><img loading="lazy" class="alignnone wp-image-734" src="http://faucon-folk.fr/wp-content/uploads/2017/03/fauconfolk76_article.jpg" alt="fauconfolk76_article" width="670" height="900" srcset="http://faucon-folk.fr/wp-content/uploads/2017/03/fauconfolk76_article.jpg 482w, http://faucon-folk.fr/wp-content/uploads/2017/03/fauconfolk76_article-223x300.jpg 223w" sizes="(max-width: 670px) 100vw, 670px" /></a>Article du Dauphiné Libéré
<p></p></div></div>
<h1></h1>
<h1><div class="well well-sm"><span style="color: #800000;">2017</span></div></h1>
<div class="row"><div class="col-xs-3">
<h3>17 février,</h3>
<h3>Bal des enfants de l&rsquo;école Pasteur,</h3>
<h3>Saint Jean en Royans</h3>
<p></p></div><div class="col-xs-3"><a href="http://faucon-folk.fr/wp-content/uploads/2015/08/fauconfolk43_article.jpg"><img loading="lazy" class="alignnone wp-image-459" src="http://faucon-folk.fr/wp-content/uploads/2015/08/fauconfolk43_article-212x300.jpg" alt="fauconfolk43_article" width="400" height="565" srcset="http://faucon-folk.fr/wp-content/uploads/2015/08/fauconfolk43_article-212x300.jpg 212w, http://faucon-folk.fr/wp-content/uploads/2015/08/fauconfolk43_article.jpg 566w" sizes="(max-width: 400px) 100vw, 400px" /></a>Article du Dauphiné Libéré<a href="http://faucon-folk.fr/wp-content/uploads/2017/03/fauconfolk45_article.jpg"><img loading="lazy" class="alignnone wp-image-479" src="http://faucon-folk.fr/wp-content/uploads/2017/03/fauconfolk45_article-300x242.jpg" alt="fauconfolk45_article" width="400" height="322" srcset="http://faucon-folk.fr/wp-content/uploads/2017/03/fauconfolk45_article-300x242.jpg 300w, http://faucon-folk.fr/wp-content/uploads/2017/03/fauconfolk45_article.jpg 700w" sizes="(max-width: 400px) 100vw, 400px" /></a>Article de l&rsquo;Impartial</div><div class="col-xs-3"><a href="http://faucon-folk.fr/wp-content/uploads/2015/08/fauconfolk44_article.jpg"><img loading="lazy" class="alignnone wp-image-463" src="http://faucon-folk.fr/wp-content/uploads/2015/08/fauconfolk44_article-291x300.jpg" alt="fauconfolk44_article" width="400" height="412" srcset="http://faucon-folk.fr/wp-content/uploads/2015/08/fauconfolk44_article-291x300.jpg 291w, http://faucon-folk.fr/wp-content/uploads/2015/08/fauconfolk44_article-720x742.jpg 720w, http://faucon-folk.fr/wp-content/uploads/2015/08/fauconfolk44_article.jpg 776w" sizes="(max-width: 400px) 100vw, 400px" /></a>Article du Dauphiné Libéré<a href="http://faucon-folk.fr/wp-content/uploads/2017/03/fauconfolk46_article.jpg"><img loading="lazy" class="alignnone wp-image-480" src="http://faucon-folk.fr/wp-content/uploads/2017/03/fauconfolk46_article-300x197.jpg" alt="fauconfolk46_article" width="400" height="263" srcset="http://faucon-folk.fr/wp-content/uploads/2017/03/fauconfolk46_article-300x197.jpg 300w, http://faucon-folk.fr/wp-content/uploads/2017/03/fauconfolk46_article.jpg 700w" sizes="(max-width: 400px) 100vw, 400px" /></a>Article de l&rsquo;Impartial</div><div class="col-xs-3">  <a href="http://faucon-folk.fr/wp-content/uploads/2017/03/fauconfolk47_article.jpg"><img loading="lazy" class="alignnone wp-image-481" src="http://faucon-folk.fr/wp-content/uploads/2017/03/fauconfolk47_article-300x239.jpg" alt="fauconfolk47_article" width="400" height="319" srcset="http://faucon-folk.fr/wp-content/uploads/2017/03/fauconfolk47_article-300x239.jpg 300w, http://faucon-folk.fr/wp-content/uploads/2017/03/fauconfolk47_article.jpg 700w" sizes="(max-width: 400px) 100vw, 400px" /></a>Article de l&rsquo;Impartial</div></div>
<h1><div class="well well-sm"><span style="color: #800000;">2016</span></div></h1>
<div class="row"><div class="col-xs-3">
<h3>24 septembre,</h3>
<h3>Sous des écoles,</h3>
<h3>Vassieux en Vercors</h3>
<p></p></div><div class="col-xs-9"><a href="http://faucon-folk.fr/wp-content/uploads/2017/03/fauconfolk48_article.jpg"><img loading="lazy" class="alignnone wp-image-495" src="http://faucon-folk.fr/wp-content/uploads/2017/03/fauconfolk48_article.jpg" alt="fauconfolk48_article" width="900" height="350" srcset="http://faucon-folk.fr/wp-content/uploads/2017/03/fauconfolk48_article.jpg 900w, http://faucon-folk.fr/wp-content/uploads/2017/03/fauconfolk48_article-300x117.jpg 300w, http://faucon-folk.fr/wp-content/uploads/2017/03/fauconfolk48_article-720x280.jpg 720w" sizes="(max-width: 900px) 100vw, 900px" /></a>Article de El Condor
<p></p></div></div>
<hr />
<div class="row"><div class="col-xs-3">
<h3>21 juin,</h3>
<h3>Fête de la musique à l&rsquo;hôtel Bellier,</h3>
<h3>La Chapelle en Vercors</h3>
<p></p></div><div class="col-xs-9"><a href="http://faucon-folk.fr/wp-content/uploads/2015/08/fauconfolk36_article.jpg"><img loading="lazy" class="alignnone wp-image-376" src="http://faucon-folk.fr/wp-content/uploads/2015/08/fauconfolk36_article-241x300.jpg" alt="fauconfolk36_article" width="723" height="900" srcset="http://faucon-folk.fr/wp-content/uploads/2015/08/fauconfolk36_article-241x300.jpg 241w, http://faucon-folk.fr/wp-content/uploads/2015/08/fauconfolk36_article.jpg 643w" sizes="(max-width: 723px) 100vw, 723px" /></a>Article du Dauphiné Libéré
<p></p></div></div>
<h1><div class="well well-sm"><span style="color: #800000;">2014</span></div></h1>
<div class="row"><div class="col-xs-3">
<h3>29 mars,</h3>
<h3>Déambulation pour la sortie du nucléaire,</h3>
<h3>Valence</h3>
<p></p></div><div class="col-xs-9"><a href="http://faucon-folk.fr/wp-content/uploads/2017/03/fauconfolk12b.jpg"><img loading="lazy" class="alignnone wp-image-491" src="http://faucon-folk.fr/wp-content/uploads/2017/03/fauconfolk12b-296x300.jpg" alt="fauconfolk12b" width="900" height="913" srcset="http://faucon-folk.fr/wp-content/uploads/2017/03/fauconfolk12b-296x300.jpg 296w, http://faucon-folk.fr/wp-content/uploads/2017/03/fauconfolk12b-720x730.jpg 720w, http://faucon-folk.fr/wp-content/uploads/2017/03/fauconfolk12b-80x80.jpg 80w, http://faucon-folk.fr/wp-content/uploads/2017/03/fauconfolk12b.jpg 846w" sizes="(max-width: 900px) 100vw, 900px" /></a>Article du réseau Sortir du nucléaire
<p></p></div></div>
<h1><div class="well well-sm"><span style="color: #800000;">2013</span></div></h1>
<div class="row"><div class="col-xs-3">
<h3>14 septembre,</h3>
<h3>Bal pour la journée des associations,</h3>
<h3>Saint Quentin la Poterie</h3>
<p></p></div><div class="col-xs-9"><a href="http://faucon-folk.fr/wp-content/uploads/2017/03/fauconfolk11_article.jpg"><img loading="lazy" class="alignnone wp-image-497" src="http://faucon-folk.fr/wp-content/uploads/2017/03/fauconfolk11_article-300x287.jpg" alt="fauconfolk11_article" width="900" height="861" srcset="http://faucon-folk.fr/wp-content/uploads/2017/03/fauconfolk11_article-300x287.jpg 300w, http://faucon-folk.fr/wp-content/uploads/2017/03/fauconfolk11_article-720x689.jpg 720w, http://faucon-folk.fr/wp-content/uploads/2017/03/fauconfolk11_article.jpg 800w" sizes="(max-width: 900px) 100vw, 900px" /></a>Article du Midi Libre
<p></p></div></div>
